Suppose -159 = 5*h - 529. Let w = 250 - h. Suppose p + w = 5*p. What is the units digit of p?
4
Let s(z) = -34*z - 179. What is the units digit of s(-7)?
9
Let y(t) = -6*t + 13. Let a be y(-6). Let l = a - -11. What is the units digit of l?
0
Suppose 6*z - 2*z = 4. Let w(h) = 17*h - 1. What is the tens digit of w(z)?
1
Let v(t) be the first derivative of t**4/4 - 16*t**3/3 - 5*t**2 + 11*t - 34. What is the units digit of v(17)?
0
Suppose 8892 = 18*s - 6*s. What is the units digit of s?
1
Let b(q) = 55*q**2 - q. Let f be b(-2). What is the tens digit of (f - (3 + 0))/1 - -4?
2
Let y(g) = g**3 - 10*g**2 - 50*g - 51. What is the tens digit of y(14)?
3
Suppose -5*b = 4*o - 2643, -6*b - 4*o + 1062 = -4*b. What is the units digit of b?
7
What is the hundreds digit of 1*(288*2 + 0)?
5
Let s be (-4)/(-12)*0*1. Let w be s/(-2 + 4) + -8. Let r(u) = u**3 + 7*u**2 - 10*u + 3. What is the tens digit of r(w)?
1
Suppose 5*j = -10, 3*l + 3*j = 5*j + 40. Suppose 5*g - 2385 = -0*g. What is the tens digit of (-2)/(-8) + g/l?
4
What is the tens digit of ((-2080)/100)/(2/375*-3)?
0
Let w = -1860 - -2665. What is the units digit of w?
5
Suppose i - 5*f = 0, -i - f - 2 = 4. Let x(r) = -r**3 + 6*r**2 - 5*r - 6. Let s be x(i). Suppose 3*h = -3*h + s. What is the units digit of h?
9
Suppose -3*m = -4*f + 1759, f - 2*m = -4*m + 426. What is the hundreds digit of f?
4
Let p(h) = -h**3 - h**2 + h + 266. Let f = 106 + -106. What is the hundreds digit of p(f)?
2
Let h(w) = w**3 - 9*w**2 - 13*w - 10. Let k be h(10). Let m = 54 + k. What is the tens digit of m?
1
What is the tens digit of 32/(-3)*(-516)/16?
4
Let c = -26 - -5. What is the hundreds digit of (2 + 0 + -5)*917/c?
1
Suppose -h + 0*j = 4*j + 7, 5 = -5*j. What is the units digit of (h - -17)*1 - 1?
3
Let j(x) = -x**2 + 6*x + 10. Let i be j(7). Let l be (-2)/3 + 254/i. Suppose -2*c = -8*c + l. What is the tens digit of c?
1
Let r(i) = -i**3 - 9*i**2 + 4*i + 34. Let z be r(-9). Let o = 35 - z. What is the units digit of o?
7
Let w(z) be the first derivative of -2 + 1/3*z**3 - 7*z + 1/2*z**2. What is the units digit of w(3)?
5
Let v be (((-66)/(-8))/11)/((-1)/(-8)). What is the tens digit of -3*(-134)/v - 3?
6
Suppose 0 = 21*q - 45*q + 744. What is the units digit of q?
1
Let c(j) = 4*j + 122. Let z be c(-30). Suppose 5*f = f + 112. Suppose 0 = -z*x - 5*b + f, -3*b - 2*b = x - 19. What is the units digit of x?
9
Let c = -77 + 97. Suppose 445 = 25*s - c*s. What is the units digit of s?
9
Let v(l) = -l**3 + 3*l**2 + l + 4. Let b(j) = -j**3 - j**2 - j. Let x(y) = -2*b(y) + v(y). What is the units digit of x(-4)?
8
Let o(n) = -36*n**3 - n + 3. Let q be o(-2). Suppose -139 = -4*u + q. What is the tens digit of u?
0
Let q be (-1 - -4) + (-2 - -2). Suppose f + 2*f - q = 0. Let t(j) = 7*j - 1. What is the units digit of t(f)?
6
Let y(m) = -2*m**2 + 39*m - 10. Suppose 20 = -6*d + 2*d, 2*w - d - 39 = 0. What is the tens digit of y(w)?
7
Suppose -3*i - u + 12 = 2*i, 0 = 5*u - 10. Let x(t) = 8 - t**2 + t - 7*t + 0*t**i - 6*t. What is the units digit of x(-7)?
3
Suppose -28*r - 4973 = -30901. What is the hundreds digit of r?
9
Let s(g) = -g**2 - 59*g - 13. What is the hundreds digit of s(-21)?
7
Let g = 8 - 5. Let n(r) = r - 3. Let o be n(1). What is the units digit of g*(5 - (0 - o))?
9
Suppose 0 = g - 45 - 25. Let s = -68 + g. What is the units digit of s?
2
Let s = -1 - -1. Suppose -4 = -p - 9, 19 = -d - 4*p. Suppose 2*q + 3*l = 111, s = -l + d + 2. What is the units digit of q?
1
Let f be (-1 + 6)*32/2. Let x = -71 + f. What is the units digit of x?
9
Let r(t) = -2*t**3 - 4*t**2 - 4*t + 3. What is the units digit of r(-3)?
3
Let l(i) = 139*i - 7. Let s be l(3). What is the units digit of s/6 + (-6)/(-9)?
9
Let d = 1423 + -506. Suppose -d = -6*o - o. What is the tens digit of o?
3
Suppose 2*o = 2*i + 32, 3*i + 3*o = -i - 57. Let w = 43 + i. What is the tens digit of w?
2
Let w(b) = -b**3 + 6*b**2 - 3*b + 3. Let v(x) = -x**3 - 9*x**2 + 11*x + 15. Let l be v(-10). Let m be w(l). Let r = m - -23. What is the tens digit of r?
3
Suppose k + 0*k = -4*k. Let o(w) = -3*w + 180. What is the hundreds digit of o(k)?
1
Let z(d) = -d**3 + 14*d**2 + 42*d - 139. What is the tens digit of z(16)?
2
Let h = 5 + 10. Suppose 5*g = -0*g + h. Suppose -2*t + 49 = -g. What is the tens digit of t?
2
Suppose -879 = -2*q - 4*z + 3, -10 = 5*z. What is the tens digit of q?
4
Let f(w) = w**2 - 23*w + 69. Let v be f(20). What is the units digit of 206 - -2*(-4 + (v - 4))?
8
Let n(g) be the first derivative of 4*g**3/3 - 2. Let i = 56 - 57. What is the units digit of n(i)?
4
Let g(z) = -2*z**2 + 9*z + 3. Let w be g(5). What is the tens digit of 7/((-42)/8)*63/w?
4
Suppose 3*n + 12 = -3*t, -4*n - 2 - 8 = -2*t. What is the tens digit of (n/(-9))/(-2*2/(-2652))?
2
Suppose 11*k - 17*k = 804. Let v = -40 - k. What is the tens digit of v?
9
Let k(l) = -3*l + 2. Let b(p) = -2*p + 17. Let w(f) = 5*f - 34. Let n(q) = -7*b(q) - 3*w(q). Let x be n(-7). What is the units digit of k(x)?
2
Suppose -6 = -4*g - 2*p + 12, 0 = g - p - 3. Let m = 7 - g. Suppose -6 = m*o - 21. What is the units digit of o?
5
Let v(d) = 53*d - 120. What is the thousands digit of v(24)?
1
Suppose d - 5*n = 4*d - 86, -2*d + 58 = 3*n. Let q = 88 - d. What is the units digit of q?
6
Suppose -13*s + 6132 = -s. What is the tens digit of s?
1
Suppose -10*x - 3*w = -5*x - 5, -2*w = 0. What is the units digit of x?
1
Suppose x + y + 15 = 5*x, 0 = 3*y - 3. Suppose -409 = -4*h + g + 54, -x*g - 344 = -3*h. What is the hundreds digit of h?
1
Let g = 8 - -11. Suppose g = 2*q + 3. Suppose 0 = 2*p - 3*x - x - 72, -p = 5*x - q. What is the tens digit of p?
2
What is the tens digit of 5494/12 + -7*4/(-168)?
5
Suppose 8*d - 171 = -139. Let n(h) = -2*h**2 - h - 6. Let q be n(-6). What is the tens digit of (-2576)/q + d/18?
3
What is the units digit of 5/15 - 33040/(-15)?
3
Let p(x) = -9*x**3 - x**2 + 21*x + 14. Let r(m) = 5*m**3 - 11*m - 7. Let b(v) = -4*p(v) - 7*r(v). Let q be b(-5). What is the tens digit of -1 - (-3 + q) - -14?
1
What is the units digit of 116/(-6)*(-432)/96?
7
Let o be 258/10*1 - (-48)/240. Let k = -1 - -7. Let b = o - k. What is the units digit of b?
0
Suppose -u - 3*u + 9184 = 4*h, -3*u + 6896 = -5*h. What is the units digit of u?
7
Suppose 767 = 2*y + m, -5*y + m + 921 = -993. What is the tens digit of y?
8
Let k be (-5 - 0 - 0)*-2. Suppose -5*f - 145 = -k*f. What is the units digit of f?
9
Suppose -15*q + 10*q + 55 = 0. Let k(v) be the third derivative of v**6/120 - v**5/6 - v**4/4 - v**3 - 2*v**2. What is the tens digit of k(q)?
4
Let d(v) = v**3 + 8*v**2 + 5*v + 7. Let u be d(-6). Suppose 6*z - u = 5. What is the units digit of z?
9
Suppose -252 + 14 = -17*l. What is the units digit of l?
4
Let v = -93 + 90. Let m(k) = 3 + 6*k**2 + 0*k**2 - 5*k + 10*k. What is the units digit of m(v)?
2
Suppose -1754 = -14*l + 10566. What is the hundreds digit of l?
8
Let z = 30 + -58. Let i be -3 + (3 + z)/(-1). What is the units digit of (-5528)/(-88) + 4/i?
3
Suppose 4*o - 3*c = 1252, -2*o + c + 425 = -201. What is the tens digit of o?
1
Let s = -2 + 7. Let z be 10/s*6/(-4). What is the units digit of (z/(-2))/((-8)/(-64))?
2
Let t(w) = -21*w + 12. Let i be t(6). Let a = i - -118. What is the units digit of a?
4
What is the tens digit of (1 - (-3 - (21 + -3))) + 4?
2
Let u be (3/4)/((-3)/84). Let n = -18 - u. Suppose 0*j + n*j = 93. What is the units digit of j?
1
Let m = -9 + 13. Suppose 2*t + 5*l = -6, 31 = -m*t - 5*l + 9. What is the tens digit of 46*(-4)/t + -3?
2
Let v = 1715 + -682. What is the units digit of v?
3
Suppose z - 2 = -2*g + 10, -5*z - g = -33. Suppose 5*v = -y + z*y - 330, 0 = -3*v + 3. What is the units digit of y?
7
Let i(x) = 3*x**2 + 7*x + 10. Let w(f) = 13*f**2 + 27*f + 39. Let g(c) = 9*i(c) - 2*w(c). What is the tens digit of g(-9)?
1
What is the hundreds digit of (1 + (-165)/(-25))*130?
9
Suppose 16098 = 3*p + 3*f + 2826, 8832 = 2*p - 2*f. What is the hundreds digit of p?
4
Let r(f) = 9*f**2 + 5*f - 5. Suppose 0 = 4*h - x + 5*x + 12, h = 5*x + 27. Let o be r(h). Suppose m = z - m - o, 2*z - 54 = -3*m. What is the units digit of z?
3
Let c(j) = j + 19. Let r be c(-22). What is the units digit of (-6936)/(-40) - r/5?
4
Let u be 3*(-12)/(-9) - -1. Suppose -2 = g - u. Let h(l) 